vide 1671?
False
Does 21 divide 7867?
False
Is 3 a factor of 20168?
False
Does 23 divide 48139?
True
Is 111 a factor of 27972?
True
Is 23962 a multiple of 47?
False
Is 115 a factor of 2702?
False
Is 936 a multiple of 13?
True
Does 290 divide 379?
False
Is 11 a factor of 29821?
True
Is 878 a multiple of 14?
False
Is 41767 a multiple of 84?
False
Is 1178 a multiple of 49?
False
Does 9 divide 129?
False
Is 87 a factor of 24232?
False
Is 21372 a multiple of 14?
False
Is 20270 a multiple of 120?
False
Is 30835 a multiple of 9?
False
Is 2069 even?
False
Is 8 a factor of 129?
False
Is 224 a multiple of 4?
True
Is 153 a multiple of 9?
True
Does 23 divide 115?
True
Does 48 divide 2122?
False
Is 8186 a multiple of 12?
False
Is 14 a factor of 1204?
True
Does 10 divide 276?
False
Does 2 divide 109?
False
Is 154 a factor of 20560?
False
Is 1666 a multiple of 98?
True
Is 1632 a multiple of 24?
True
Does 14 divide 29302?
True
Is 21 a factor of 7661?
False
Is 4552 a multiple of 2?
True
Does 27 divide 189?
True
Is 45 a factor of 4796?
False
Does 13 divide 553?
False
Is 960 a multiple of 20?
True
Is 21 a factor of 11159?
False
Is 7200 a multiple of 90?
True
Does 14 divide 8962?
False
Is 1540 a multiple of 14?
True
Is 49452 a multiple of 26?
True
Is 24344 a multiple of 68?
True
Does 14 divide 62309?
False
Is 8672 a multiple of 26?
False
Does 18 divide 968?
False
Does 216 divide 64368?
True
Is 363 a multiple of 11?
True
Is 12170 a multiple of 4?
False
Is 16 a factor of 33936?
True
Is 784 a multiple of 49?
True
Does 27 divide 54?
True
Is 43 a factor of 1333?
True
Is 238 a multiple of 14?
True
Is 1663 a multiple of 111?
False
Is 14 a factor of 10253?
False
Is 1848 even?
True
Does 7 divide 602?
True
Is 25 a factor of 275?
True
Does 20 divide 380?
True
Does 2 divide 1804?
True
Is 32 a factor of 5504?
True
Does 8 divide 240?
True
Does 28 divide 1967?
False
Is 312 a multiple of 13?
True
Is 130 a multiple of 6?
False
Is 17 a factor of 3667?
False
Is 10 a factor of 620?
True
Is 26 a factor of 1061?
False
Is 1080 a multiple of 10?
True
Is 8 a factor of 46056?
True
Is 28 a factor of 1288?
True
Is 35816 a multiple of 121?
True
Is 9000 a multiple of 9?
True
Is 43 a factor of 301?
True
Does 30 divide 749?
False
Does 26 divide 69472?
True
Does 3 divide 54?
True
Is 33 a factor of 759?
True
Is 11 a factor of 2706?
True
Is 42 a factor of 12474?
True
Is 259 a multiple of 15?
False
Is 41 a factor of 6970?
True
Is 11 a factor of 110?
True
Does 55 divide 16775?
True
Does 31 divide 11512?
False
Is 1156 a multiple of 28?
False
Is 5353 a multiple of 31?
False
Is 26 a factor of 2756?
True
Does 2 divide 15130?
True
Is 10362 a multiple of 41?
False
Is 3 a factor of 334?
False
Is 1564 a multiple of 46?
True
Is 863 a multiple of 3?
False
Is 288 a multiple of 36?
True
Does 9 divide 1932?
False
Does 4 divide 344?
True
Does 5 divide 390?
True
Is 24361 a multiple of 29?
False
Does 68 divide 21692?
True
Does 22 divide 550?
True
Does 25 divide 558?
False
Is 220 a multiple of 4?
True
Does 30 divide 840?
True
Is 477 a multiple of 41?
False
Does 6 divide 60?
True
Is 122 a factor of 7076?
True
Is 1152 a multiple of 48?
True
Does 43 divide 1591?
True
Is 950 a multiple of 25?
True
Is 24 a factor of 1152?
True
Is 22 a factor of 42768?
True
Is 4874 a multiple of 3?
False
Does 8 divide 352?
True
Does 9 divide 9863?
False
Is 165 a factor of 8098?
False
Is 849 a multiple of 6?
False
Does 16 divide 1104?
True
Is 7904 a multiple of 58?
False
Is 612 a multiple of 153?
True
Is 120 a multiple of 8?
True
Is 31 a factor of 12121?
True
Is 56 a factor of 3434?
False
Is 12442 a multiple of 18?
False
Is 1921 a multiple of 2?
False
Is 3153 a multiple of 11?
False
Does 15 divide 6885?
True
Is 22 a factor of 616?
True
Is 135 a multiple of 17?
False
Does 21 divide 4525?
False
Is 14572 a multiple of 17?
False
Is 29 a factor of 4060?
True
Is 10 a factor of 4952?
False
Is 658 a multiple of 47?
True
Does 53 divide 3387?
False
Does 4 divide 895?
False
Is 30 a factor of 8975?
False
Is 17 a factor of 34609?
False
Is 6760 a multiple of 130?
True
Is 22 a factor of 442?
False
Is 157 a factor of 30948?
False
Is 4326 a multiple of 230?
False
Is 25 a factor of 8100?
True
Is 1956 a multiple of 8?
False
Does 55 divide 715?
True
Does 28 divide 25732?
True
Does 10 divide 490?
True
Is 17 a factor of 1461?
False
Is 25 a factor of 1445?
False
Is 741 a multiple of 42?
False
Is 832 a multiple of 17?
False
Is 61 a multiple of 32?
False
Does 6 divide 54?
True
Is 78 a factor of 312?
True
Is 2436 a multiple of 29?
True
Is 12 a factor of 24?
True
Is 71 a factor of 5401?
False
Is 87 a factor of 15486?
True
Is 8621 a multiple of 16?
False
Is 25 a factor of 6650?
True
Is 504 a multiple of 16?
False
Is 140 a factor of 16922?
False
Is 52 a factor of 3900?
True
Is 10168 a multiple of 41?
True
Is 1470 a multiple of 5?
True
Is 22 a factor of 95172?
True
Is 130 a multiple of 5?
True
Is 12 a factor of 8376?
True
Is 651 a multiple of 67?
False
Is 7 a factor of 20678?
True
Is 88 a factor of 6307?
False
Is 2620 a multiple of 6?
False
Does 9 divide 1913?
False
Does 10 divide 11829?
False
Is 859 a multiple of 11?
False
Is 38 a factor of 452?
False
Is 44 a factor of 4576?
True
Is 12 a factor of 32280?
True
Is 130 a factor of 10548?
False
Is 272 a multiple of 4?
True
Is 1570 a multiple of 4?
False
Is 28 a factor of 965?
False
Is 41656 a multiple of 143?
False
Is 5 a factor of 6027?
False
Is 5 a factor of 24674?
False
Is 2508 a multiple of 28?
False
Is 30 a factor of 3180?
True
Is 362 a factor of 62944?
False
Is 1576 a multiple of 8?
True
Is 32 a factor of 1632?
True
Does 67 divide 1188?
False
Is 3201 a multiple of 11?
True
Is 55 a multiple of 2?
False
Does 24 divide 791?
False
Does 41 divide 20453?
False
Is 170 a factor of 7310?
True
Does 17 divide 35386?
False
Is 24 a factor of 262?
False
Is 1669 a multiple of 89?
False
Does 4 divide 1717?
False
Is 898 a multiple of 37?
False
Does 25 divide 6659?
False
Is 111 a factor of 64916?
False
Is 22556 a multiple of 95?
False
Is 29 a factor of 145?
True
Does 199 divide 21398?
False
Is 16054 a multiple of 18?
False
Is 9300 a multiple of 25?
True
Is 3496 a multiple of 46?
True
Is 17 a factor of 457?
False
Is 21 a factor of 3759?
True
Is 432 a multiple of 16?
True
Does 19 divide 183?
False
Is 49 a factor of 72?
False
Is 12 a factor of 12960?
True
Is 45 a multiple of 14?
False
Is 9 a factor of 756?
True
Is 33 a factor of 6587?
False
Is 897 a multiple of 6?
False
Does 11 divide 344?
False
Is 1920 a multiple of 12?
True
Is 2568 a multiple of 24?
True
Is 32140 a multiple of 56?
False
Is 38 a factor of 602?
False
Is 15 a factor of 1740?
True
Does 13 divide 481?
True
Does 8 divide 1185?
False
Is 5 a factor of 5555?
True
Is 1101 a multiple of 26?
False
Is 19 a factor of 23940?
True
Does 34 divide 634?
False
Does 2 divide 8600?
True
Is 45 a factor of 1980?
True
Is 6 a factor of 2086?
False
Does 85 divide 3724?
False
Is 13 a factor of 1044?
False
Is 9113 a multiple of 44?
False
Is 41 a factor of 2989?
False
Does 28 divide 24411?
False
Is 21 a factor of 466?
False
Is 5501 a multiple of 26?
False
Is 3 a factor of 99?
True
Is 3612 a multiple of 5?
False
Is 29 a factor of 3373?
False
Is 112 a multiple of 3?
False
Does 136 divide 8976?
True
Is 16 a factor of 2068?
False
Is 2996 a multiple of 7?
True
Is 33081 a multiple of 43?
False
Does 32 divide 12544?
True
Is 17 a factor of 878?
False
Is 12 a factor of 13280?
False
Is 2976 a multiple of 16?
True
Is 52 a factor of 624?
True
Is 10 a factor of 189?
False
Is 24 a multiple of 14?
False
Is 228 a multiple of 6?
True
Is 3876 a multiple of 51?
True
Is 696 a multiple of 24?
True
Is 22 a multiple of 11?
True
Does 4 divide 8?
True
Is 36 a factor of 180?
True
Does 13 divide 65?
True
Is 80 a factor of 48640?
True
Is 610 a multiple of 10?
True
Is 47 a factor of 7115?
False
Is 34 a factor of 1606?
False
Does 153 divide 38403?
True
Is 54 a multiple of 3?
True
Does 57 divide 12425?
False
Does 11 divide 34013?
False
Is 49 a factor of 1617?
True
Is 1209 a multiple of 3?
True
Does 65 divide 3055?
True
Is 46728 a multiple of 198?
True
Is 3 a factor of 8468?
False
Is 258 a factor of 17974?
False
Does 17 divide 26227?
False
Does 15 divide 367?
False
Is 4155 a multiple of 90?
False
Does 5 divide 4040?
True
Is